+ 34. What is the highest common factor of r and 208?
26
Let z(c) = 3*c + 22. Let b be z(10). Calculate the highest common factor of b and 13.
13
Let h(v) = 3*v**2 + 13*v + 12. Suppose -2*o - 5*u - 7 = 2*o, -3*o + 4*u = 44. Let m be h(o). What is the greatest common factor of 10 and m?
10
Suppose 56 = m - 52. Let j = 24 - 12. Calculate the greatest common divisor of m and j.
12
Let h be -4 - (-12 + -3 - -3). Calculate the greatest common factor of 2 and h.
2
Suppose 3*x + 80 = 5*x. What is the highest common divisor of 10 and x?
10
Let v be (-232)/(-20) - (-6)/(-10). Let g = v + -8. Calculate the highest common divisor of g and 21.
3
Suppose -2*v + 510 = -154. Suppose -2*a = -0*a - v. Suppose -a = -4*y + 86. What is the greatest common divisor of 9 and y?
9
Suppose 4*q - 22 = -5*a + 169, -2*q + 99 = -a. Suppose q = -b + 192. Let d be 8 - -1 - (-16 - -12). What is the greatest common factor of b and d?
13
Let i = 44 - 24. What is the greatest common factor of 10 and i?
10
Let a be 2/2*(-20)/(-4). Let o be -4 + a - (1 + -5). Calculate the greatest common divisor of o and 20.
5
Let i be (1/1)/((-1)/(-5)). Suppose 0*r - 17 = -2*r + i*c, 2*r + 5*c - 47 = 0. Calculate the greatest common factor of r and 40.
8
Let u = -5 - -8. Suppose -78 = 3*n + u*q, n - 2*q - 3*q = 4. Let b be n/3*54/(-7). What is the highest common factor of b and 36?
18
Let g = 3 + 1. Suppose -2*z - g = 0, 4*j + 4*z - 51 = 117. Calculate the highest common factor of j and 4.
4
Let m(d) = 6*d**2 + 5*d - 1. Let z be m(-4). Calculate the greatest common factor of z and 50.
25
Let g = -21 + 30. Calculate the greatest common factor of 6 and g.
3
Suppose -10 = -0*m - 2*m. Suppose 17 + 3 = m*z. Suppose 23 = z*s - 1. Calculate the greatest common divisor of s and 6.
6
Let g(o) = o - o**3 + 49*o**2 + 2 + 4 - 36*o**2. Let b be g(13). Calculate the highest common divisor of b and 95.
19
Let k(a) = a**2 - 13. Let o be k(5). What is the highest common factor of 84 and o?
12
Let o = -11 + -17. Let n = o + 29. What is the highest common factor of 3 and n?
1
Let c = 5 - 4. What is the highest common factor of 15 and c?
1
Let c be -1 - 2/(2*-1). Suppose -4*q + 8 = -0*q. Suppose q*v = -6, 3 + c = f + 4*v. Calculate the highest common divisor of 120 and f.
15
Let m = 83 + -59. Let a = 136 - 96. Suppose -2*q - 8 = -a. What is the greatest common factor of m and q?
8
Let q(w) = -3*w + 44. Let v be q(13). Calculate the highest common divisor of v and 15.
5
Let a(i) = i**3 - 5*i**2 + 2. Let y be a(5). Suppose 0*h - y*h = 8. Let f be (-132)/(-15)*(-70)/h. Calculate the highest common factor of 14 and f.
14
Let y = 369 - 213. Suppose -7*l + 3*l = -y. Calculate the greatest common divisor of l and 13.
13
Let y = 90 - 72. Calculate the greatest common factor of 9 and y.
9
Suppose 3*x = 9 + 33. Calculate the greatest common divisor of x and 56.
14
Let c = 11 - 8. Suppose -4*w - 3*z + 158 = 0, 4*w = -c*z + z + 160. Let f = w - -22. What is the greatest common factor of 7 and f?
7
Let j be ((-4)/(1 + 1))/(24/(-864)). Calculate the greatest common divisor of j and 18.
18
Let t(g) = g**3 - 4*g**2 + 1. Let q be t(4). Calculate the greatest common factor of q and 2.
1
Let r(d) = d + 26. Let l be r(-19). Let s(k) = k**2 - 6*k + 1. Let b be s(l). Calculate the greatest common factor of 20 and b.
4
Let t(v) = v**3 + 3*v**2 - 1. Let i be t(-3). Let z be 3 + i - -1 - -8. Calculate the greatest common factor of z and 1.
1
Suppose 3 = t + 9. Let r = -3 - t. Suppose 2*v = -r*v + 55. What is the highest common divisor of v and 99?
11
Let o(t) = -t**3 - 11*t**2 - 8*t + 12. Let p be o(-10). Let h = p - 1. Let u be (h/5)/(2/(-10)). What is the greatest common factor of 9 and u?
9
Suppose 3*t = -t + 20, -t + 1130 = 5*y. What is the highest common factor of y and 25?
25
Let j be (-181)/(-6) + (55/30)/(-11). What is the highest common factor of 10 and j?
10
Let t = 9 - 4. Suppose t*i + 13 - 3 = 0. Let j be -72*((-1)/i)/(-1). What is the greatest common factor of j and 4?
4
Suppose 0 = a, a + 0*a = -5*n + 75. What is the highest common factor of 135 and n?
15
Suppose 7*d = 2*d - 30. Let h(j) = -5*j. Let f be h(d). What is the highest common factor of 10 and f?
10
Let r = 109 - 37. What is the highest common divisor of r and 9?
9
Suppose 3 = -2*g + 9. Suppose g*f - 3 = -4*i + 4*f, -i - f = -2. Let m = 69 + -64. Calculate the greatest common divisor of m and i.
1
Let u be (-3)/15 + 331/5. Let p = 13 + -7. Suppose 2*t - 6 = p. Calculate the greatest common divisor of t and u.
6
Let g be -4 - (-8)/3*9. Calculate the highest common factor of 260 and g.
20
Suppose -3*t = c + 8 - 29, -3*c = t - 63. Calculate the highest common factor of 7 and c.
7
Let r be (6/(-7))/((-4)/784). Suppose 6*s - r = 2*s. Calculate the highest common factor of s and 21.
21
Suppose -v = 3*c + 9 + 3, 3*v = -5*c - 28. Let a = v - -23. What is the highest common divisor of 85 and a?
17
Suppose -q + 9*r - 4*r - 2 = 0, -3*r = -q + 4. Suppose -2*w + 3*w = q. Calculate the greatest common divisor of 104 and w.
13
Let i(m) = 2*m**2 + 3*m + 3. Let f be i(-3). Calculate the highest common factor of f and 3.
3
Suppose 0 = -b - n + 68, -3*n - 300 = b - 5*b. Calculate the greatest common divisor of b and 8.
8
Suppose -2*q = -7*q - 35. Let x = q + 14. Calculate the highest common divisor of 28 and x.
7
Let s(o) = -28*o. Let d be s(-2). Let z(a) = a**2 - 5*a + 8. Let n be z(6). Calculate the highest common divisor of d and n.
14
Let b = -73 + 128. Let h = -30 + b. What is the highest common divisor of h and 10?
5
Suppose 0 = 5*m - v - 495, v = -m - 3*v + 99. Calculate the highest common divisor of m and 66.
33
Suppose -2*d = -4*q - 14, 3*d - 2*q = -6*q + 71. Calculate the greatest common divisor of 34 and d.
17
Suppose 0 = -3*v - v + 4. Suppose -4*k = v - 17. Calculate the highest common factor of 28 and k.
4
Let x = 14 + -4. Calculate the highest common factor of 250 and x.
10
Let a be (-9)/12 - (-85)/(-4). Let j be (-3 - (a - -2)) + 1. What is the greatest common factor of 9 and j?
9
Suppose 4*n - n = 0. Let w = 0 - -24. Let p = n + w. What is the greatest common divisor of p and 16?
8
Suppose 135 = 3*s + 2*s. What is the highest common divisor of 27 and s?
27
Suppose 2*h + 4*j - 228 = 0, 14 + 91 = h - j. What is the greatest common factor of 12 and h?
12
Let z = -26 + 62. Calculate the greatest common factor of z and 24.
12
Let v = -10 - -14. Suppose 5*x - 26 = -0*x + 2*m, 2*x + 5*m = 22. What is the greatest common factor of x and v?
2
Let c(r) = -2*r - 16. Let o be c(-11). Suppose -2*d - 186 = -4*w, w - 45 = -0*w + d. What is the highest common factor of w and o?
6
Suppose 3*k - 24 = -4*g, -3*g + g + 4*k = -12. Let s be (-1)/((-6)/4)*63. Calculate the greatest common factor of s and g.
6
Let z be -26*(1 + -4)/6. Let i be (-4)/(-14) + 89/7. What is the greatest common divisor of z and i?
13
Suppose v - 23 = 3*u - 4*v, u + 4*v - 15 = 0. Let y be (-11 - u)*(-2 - -1). What is the greatest common factor of 25 and y?
5
Suppose -8 = 2*o - 3*h, 10*o - 4*h = 5*o - 6. Suppose -5*k + 40 = -s, -7 = -3*k - o*s + 4. What is the greatest common factor of k and 21?
7
Suppose 31 = 4*q - 5. Suppose -5*l + 10 = 3*a, 5*a + 4*l = q + 25. Calculate the greatest common factor of a and 2.
2
Let o(f) = f**3 - f**2 - f + 26. Let w be o(0). Let p be w/3 - (-3)/9. Calculate the greatest common factor of 99 and p.
9
Suppose 3*q + a + 5 = 0, 5*a + 25 = -0*q + 2*q. Suppose 0 = -q*z - 2*z + 100. Suppose -5*d + z = -0*d. What is the greatest common divisor of 2 and d?
2
Suppose 52 = 4*t + 4*j, 3*t - 21 = -5*j + 28. What is the greatest common factor of t and 8?
8
Suppose 2*a + 10 = 32. What is the greatest common factor of a and 99?
11
Let d(r) = 12*r - 3. Let m be d(4). Suppose 0 = -k + 4*k - m. Calculate the greatest common factor of 10 and k.
5
Suppose 2*p - 2*i - 995 = -191, 2*i + 397 = p. What is the highest common divisor of 37 and p?
37
Let r be -6*24/4*(-1)/2. Calculate the highest common factor of 27 and r.
9
Let h(d) = d**3 + 3*d**2 + d + 1. Let w be h(3). Suppose -c - 13 = 5*p - w, -15 = -2*c + 5*p. What is the greatest common factor of c and 30?
10
Suppose -480 = 8*o - 13*o. What is the highest common divisor of o and 12?
12
Suppose -3*d + 166 = -l, -3*l = l + 16. Suppose d - 4 = 5*o.